{"id":387,"date":"2023-10-25T15:53:32","date_gmt":"2023-10-25T18:53:32","guid":{"rendered":"https:\/\/curadorias.inf.br\/?page_id=387"},"modified":"2023-10-25T15:53:32","modified_gmt":"2023-10-25T18:53:32","slug":"bibliotecario","status":"publish","type":"page","link":"https:\/\/extralibris.net\/sesisenai\/bibliotecario\/","title":{"rendered":"BIBLIOTEC\u00c1RIO"},"content":{"rendered":"\n<figure class=\"wp-block-image alignwide size-large\"><img decoding=\"async\" src=\"https:\/\/sesisenai.inf.br\/wp-content\/uploads\/sites\/14\/2024\/07\/exposicaobibliotecarioverde-1024x319.jpg\" alt=\"\" class=\"wp-image-1514\" \/><\/figure>\n\n\n\n<hr class=\"wp-block-separator has-alpha-channel-opacity\" \/>\n\n\n<div class=\"wp-block-image\">\n<figure class=\"alignleft size-one-fourth\"><img loading=\"lazy\" decoding=\"async\" width=\"260\" height=\"195\" src=\"https:\/\/sesisenai.inf.br\/wp-content\/uploads\/sites\/14\/2023\/10\/perfil-260x195.webp\" alt=\"\" class=\"wp-image-407\" style=\"aspect-ratio:1;object-fit:cover\" \/><\/figure>\n<\/div>\n\n\n<div class=\"wp-block-group\"><div class=\"wp-block-group__inner-container is-layout-flow wp-block-group-is-layout-flow\">\n<h2 class=\"wp-block-heading\">FABIANO CARUSO<\/h2>\n\n\n\n<p class=\"wp-block-paragraph\"><strong>BIBLIOTEC\u00c1RIO RESPONS\u00c1VEL<br><\/strong><a href=\"mailto:fabianosousa.sesi@fieg.com.br\"><strong>fabianosousa.sesi@fieg.com.br<\/strong><\/a><br><strong>CRB-1-3646<\/strong><\/p>\n\n\n\n<p class=\"wp-block-paragraph\"><strong>Biblioteca Phygital<\/strong>: ambientes presenciais conectados a partir da&nbsp;<strong>Curadoria Colaborativa de Exposi\u00e7\u00f5es<\/strong>. Visite a minha Biblioteca Pessoal em&nbsp;<a href=\"https:\/\/fabianocaruso.com\/\"><strong>fabianocaruso.com<\/strong><\/a> e a plataforma em <a href=\"https:\/\/personates.com\"><strong>personates.com<\/strong><\/a>.<\/p>\n\n\n\n<p class=\"wp-block-paragraph\"><strong>Links para participa\u00e7\u00e3o, d\u00favidas contate-me:<\/strong><\/p>\n\n\n\n<p class=\"wp-block-paragraph\"><a href=\"https:\/\/forms.office.com\/r\/TcT4iWAtRp\" target=\"_blank\" rel=\"noreferrer noopener\"><strong>Painel de Eventos: dados do evento para cadastro<\/strong><\/a><\/p>\n\n\n\n<p class=\"wp-block-paragraph\"><a href=\"https:\/\/forms.office.com\/r\/XqNVc3GX1Y\"><strong>Biblioteca Participativa: conte\u00fado sobre o livro para participa\u00e7\u00e3o no cat\u00e1logo interativo<\/strong><\/a><\/p>\n<\/div><\/div>\n","protected":false},"excerpt":{"rendered":"<p>FABIANO CARUSO BIBLIOTEC\u00c1RIO RESPONS\u00c1VELfabianosousa.sesi@fieg.com.brCRB-1-3646 Biblioteca Phygital: ambientes presenciais conectados a partir da&nbsp;Curadoria Colaborativa de Exposi\u00e7\u00f5es. Visite a minha Biblioteca Pessoal em&nbsp;fabianocaruso.com e a plataforma em personates.com. Links para participa\u00e7\u00e3o, d\u00favidas contate-me: Painel de Eventos: dados do evento para cadastro Biblioteca Participativa: conte\u00fado sobre o livro para participa\u00e7\u00e3o no cat\u00e1logo interativo<\/p>\n","protected":false},"author":1,"featured_media":0,"parent":0,"menu_order":20,"comment_status":"closed","ping_status":"closed","template":"templates\/full-width.php","meta":{"_genesis_hide_title":false,"_genesis_hide_breadcrumbs":false,"_genesis_hide_singular_image":false,"_genesis_hide_footer_widgets":false,"_genesis_custom_body_class":"","_genesis_custom_post_class":"","_genesis_layout":"","footnotes":""},"class_list":["post-387","page","type-page","status-publish","entry"],"yoast_head":"<!-- This site is optimized with the Yoast SEO plugin v28.3 - https:\/\/yoast.com\/product\/yoast-seo-wordpress\/ -->\n<title>BIBLIOTEC\u00c1RIO - SESI SENAI Goi\u00e1s<\/title>\n<meta name=\"robots\" content=\"index, follow, max-snippet:-1, max-image-preview:large, max-video-preview:-1\" \/>\n<link rel=\"canonical\" href=\"https:\/\/extralibris.net\/sesisenai\/bibliotecario\/\" \/>\n<meta property=\"og:locale\" content=\"pt_BR\" \/>\n<meta property=\"og:type\" content=\"article\" \/>\n<meta property=\"og:title\" content=\"BIBLIOTEC\u00c1RIO - SESI SENAI Goi\u00e1s\" \/>\n<meta property=\"og:description\" content=\"FABIANO CARUSO BIBLIOTEC\u00c1RIO RESPONS\u00c1VELfabianosousa.sesi@fieg.com.brCRB-1-3646 Biblioteca Phygital: ambientes presenciais conectados a partir da&nbsp;Curadoria Colaborativa de Exposi\u00e7\u00f5es. Visite a minha Biblioteca Pessoal em&nbsp;fabianocaruso.com e a plataforma em personates.com. Links para participa\u00e7\u00e3o, d\u00favidas contate-me: Painel de Eventos: dados do evento para cadastro Biblioteca Participativa: conte\u00fado sobre o livro para participa\u00e7\u00e3o no cat\u00e1logo interativo\" \/>\n<meta property=\"og:url\" content=\"https:\/\/extralibris.net\/sesisenai\/bibliotecario\/\" \/>\n<meta property=\"og:site_name\" content=\"SESI SENAI Goi\u00e1s\" \/>\n<meta property=\"og:image\" content=\"https:\/\/sesisenai.inf.br\/wp-content\/uploads\/sites\/14\/2024\/07\/exposicaobibliotecarioverde-1024x319.jpg\" \/>\n<meta name=\"twitter:card\" content=\"summary_large_image\" \/>\n<meta name=\"twitter:label1\" content=\"Est. tempo de leitura\" \/>\n\t<meta name=\"twitter:data1\" content=\"1 minuto\" \/>\n<script type=\"application\/ld+json\" class=\"yoast-schema-graph\">{\"@context\":\"https:\\\/\\\/schema.org\",\"@graph\":[{\"@type\":\"WebPage\",\"@id\":\"https:\\\/\\\/extralibris.net\\\/sesisenai\\\/bibliotecario\\\/\",\"url\":\"https:\\\/\\\/extralibris.net\\\/sesisenai\\\/bibliotecario\\\/\",\"name\":\"BIBLIOTEC\u00c1RIO - SESI SENAI Goi\u00e1s\",\"isPartOf\":{\"@id\":\"https:\\\/\\\/extralibris.net\\\/sesisenai\\\/#website\"},\"primaryImageOfPage\":{\"@id\":\"https:\\\/\\\/extralibris.net\\\/sesisenai\\\/bibliotecario\\\/#primaryimage\"},\"image\":{\"@id\":\"https:\\\/\\\/extralibris.net\\\/sesisenai\\\/bibliotecario\\\/#primaryimage\"},\"thumbnailUrl\":\"https:\\\/\\\/sesisenai.inf.br\\\/wp-content\\\/uploads\\\/sites\\\/14\\\/2024\\\/07\\\/exposicaobibliotecarioverde-1024x319.jpg\",\"datePublished\":\"2023-10-25T18:53:32+00:00\",\"breadcrumb\":{\"@id\":\"https:\\\/\\\/extralibris.net\\\/sesisenai\\\/bibliotecario\\\/#breadcrumb\"},\"inLanguage\":\"pt-BR\",\"potentialAction\":[{\"@type\":\"ReadAction\",\"target\":[\"https:\\\/\\\/extralibris.net\\\/sesisenai\\\/bibliotecario\\\/\"]}]},{\"@type\":\"ImageObject\",\"inLanguage\":\"pt-BR\",\"@id\":\"https:\\\/\\\/extralibris.net\\\/sesisenai\\\/bibliotecario\\\/#primaryimage\",\"url\":\"https:\\\/\\\/sesisenai.inf.br\\\/wp-content\\\/uploads\\\/sites\\\/14\\\/2024\\\/07\\\/exposicaobibliotecarioverde-1024x319.jpg\",\"contentUrl\":\"https:\\\/\\\/sesisenai.inf.br\\\/wp-content\\\/uploads\\\/sites\\\/14\\\/2024\\\/07\\\/exposicaobibliotecarioverde-1024x319.jpg\"},{\"@type\":\"BreadcrumbList\",\"@id\":\"https:\\\/\\\/extralibris.net\\\/sesisenai\\\/bibliotecario\\\/#breadcrumb\",\"itemListElement\":[{\"@type\":\"ListItem\",\"position\":1,\"name\":\"In\u00edcio\",\"item\":\"https:\\\/\\\/extralibris.net\\\/sesisenai\\\/\"},{\"@type\":\"ListItem\",\"position\":2,\"name\":\"BIBLIOTEC\u00c1RIO\"}]},{\"@type\":\"WebSite\",\"@id\":\"https:\\\/\\\/extralibris.net\\\/sesisenai\\\/#website\",\"url\":\"https:\\\/\\\/extralibris.net\\\/sesisenai\\\/\",\"name\":\"SESI SENAI Goi\u00e1s\",\"description\":\"Curadoria Figital\",\"publisher\":{\"@id\":\"https:\\\/\\\/extralibris.net\\\/sesisenai\\\/#organization\"},\"potentialAction\":[{\"@type\":\"SearchAction\",\"target\":{\"@type\":\"EntryPoint\",\"urlTemplate\":\"https:\\\/\\\/extralibris.net\\\/sesisenai\\\/?s={search_term_string}\"},\"query-input\":{\"@type\":\"PropertyValueSpecification\",\"valueRequired\":true,\"valueName\":\"search_term_string\"}}],\"inLanguage\":\"pt-BR\"},{\"@type\":\"Organization\",\"@id\":\"https:\\\/\\\/extralibris.net\\\/sesisenai\\\/#organization\",\"name\":\"SESI SENAI Goi\u00e1s\",\"url\":\"https:\\\/\\\/extralibris.net\\\/sesisenai\\\/\",\"logo\":{\"@type\":\"ImageObject\",\"inLanguage\":\"pt-BR\",\"@id\":\"https:\\\/\\\/extralibris.net\\\/sesisenai\\\/#\\\/schema\\\/logo\\\/image\\\/\",\"url\":\"https:\\\/\\\/extralibris.net\\\/sesisenai\\\/wp-content\\\/uploads\\\/sites\\\/2\\\/2025\\\/05\\\/cropped-cropped-THUMB_SesiSenai_Colorida-1.jpg\",\"contentUrl\":\"https:\\\/\\\/extralibris.net\\\/sesisenai\\\/wp-content\\\/uploads\\\/sites\\\/2\\\/2025\\\/05\\\/cropped-cropped-THUMB_SesiSenai_Colorida-1.jpg\",\"width\":512,\"height\":256,\"caption\":\"SESI SENAI Goi\u00e1s\"},\"image\":{\"@id\":\"https:\\\/\\\/extralibris.net\\\/sesisenai\\\/#\\\/schema\\\/logo\\\/image\\\/\"}}]}<\/script>\n<!-- \/ Yoast SEO plugin. -->","yoast_head_json":{"title":"BIBLIOTEC\u00c1RIO - SESI SENAI Goi\u00e1s","robots":{"index":"index","follow":"follow","max-snippet":"max-snippet:-1","max-image-preview":"max-image-preview:large","max-video-preview":"max-video-preview:-1"},"canonical":"https:\/\/extralibris.net\/sesisenai\/bibliotecario\/","og_locale":"pt_BR","og_type":"article","og_title":"BIBLIOTEC\u00c1RIO - SESI SENAI Goi\u00e1s","og_description":"FABIANO CARUSO BIBLIOTEC\u00c1RIO RESPONS\u00c1VELfabianosousa.sesi@fieg.com.brCRB-1-3646 Biblioteca Phygital: ambientes presenciais conectados a partir da&nbsp;Curadoria Colaborativa de Exposi\u00e7\u00f5es. Visite a minha Biblioteca Pessoal em&nbsp;fabianocaruso.com e a plataforma em personates.com. Links para participa\u00e7\u00e3o, d\u00favidas contate-me: Painel de Eventos: dados do evento para cadastro Biblioteca Participativa: conte\u00fado sobre o livro para participa\u00e7\u00e3o no cat\u00e1logo interativo","og_url":"https:\/\/extralibris.net\/sesisenai\/bibliotecario\/","og_site_name":"SESI SENAI Goi\u00e1s","og_image":[{"url":"https:\/\/sesisenai.inf.br\/wp-content\/uploads\/sites\/14\/2024\/07\/exposicaobibliotecarioverde-1024x319.jpg","type":"","width":"","height":""}],"twitter_card":"summary_large_image","twitter_misc":{"Est. tempo de leitura":"1 minuto"},"schema":{"@context":"https:\/\/schema.org","@graph":[{"@type":"WebPage","@id":"https:\/\/extralibris.net\/sesisenai\/bibliotecario\/","url":"https:\/\/extralibris.net\/sesisenai\/bibliotecario\/","name":"BIBLIOTEC\u00c1RIO - SESI SENAI Goi\u00e1s","isPartOf":{"@id":"https:\/\/extralibris.net\/sesisenai\/#website"},"primaryImageOfPage":{"@id":"https:\/\/extralibris.net\/sesisenai\/bibliotecario\/#primaryimage"},"image":{"@id":"https:\/\/extralibris.net\/sesisenai\/bibliotecario\/#primaryimage"},"thumbnailUrl":"https:\/\/sesisenai.inf.br\/wp-content\/uploads\/sites\/14\/2024\/07\/exposicaobibliotecarioverde-1024x319.jpg","datePublished":"2023-10-25T18:53:32+00:00","breadcrumb":{"@id":"https:\/\/extralibris.net\/sesisenai\/bibliotecario\/#breadcrumb"},"inLanguage":"pt-BR","potentialAction":[{"@type":"ReadAction","target":["https:\/\/extralibris.net\/sesisenai\/bibliotecario\/"]}]},{"@type":"ImageObject","inLanguage":"pt-BR","@id":"https:\/\/extralibris.net\/sesisenai\/bibliotecario\/#primaryimage","url":"https:\/\/sesisenai.inf.br\/wp-content\/uploads\/sites\/14\/2024\/07\/exposicaobibliotecarioverde-1024x319.jpg","contentUrl":"https:\/\/sesisenai.inf.br\/wp-content\/uploads\/sites\/14\/2024\/07\/exposicaobibliotecarioverde-1024x319.jpg"},{"@type":"BreadcrumbList","@id":"https:\/\/extralibris.net\/sesisenai\/bibliotecario\/#breadcrumb","itemListElement":[{"@type":"ListItem","position":1,"name":"In\u00edcio","item":"https:\/\/extralibris.net\/sesisenai\/"},{"@type":"ListItem","position":2,"name":"BIBLIOTEC\u00c1RIO"}]},{"@type":"WebSite","@id":"https:\/\/extralibris.net\/sesisenai\/#website","url":"https:\/\/extralibris.net\/sesisenai\/","name":"SESI SENAI Goi\u00e1s","description":"Curadoria Figital","publisher":{"@id":"https:\/\/extralibris.net\/sesisenai\/#organization"},"potentialAction":[{"@type":"SearchAction","target":{"@type":"EntryPoint","urlTemplate":"https:\/\/extralibris.net\/sesisenai\/?s={search_term_string}"},"query-input":{"@type":"PropertyValueSpecification","valueRequired":true,"valueName":"search_term_string"}}],"inLanguage":"pt-BR"},{"@type":"Organization","@id":"https:\/\/extralibris.net\/sesisenai\/#organization","name":"SESI SENAI Goi\u00e1s","url":"https:\/\/extralibris.net\/sesisenai\/","logo":{"@type":"ImageObject","inLanguage":"pt-BR","@id":"https:\/\/extralibris.net\/sesisenai\/#\/schema\/logo\/image\/","url":"https:\/\/extralibris.net\/sesisenai\/wp-content\/uploads\/sites\/2\/2025\/05\/cropped-cropped-THUMB_SesiSenai_Colorida-1.jpg","contentUrl":"https:\/\/extralibris.net\/sesisenai\/wp-content\/uploads\/sites\/2\/2025\/05\/cropped-cropped-THUMB_SesiSenai_Colorida-1.jpg","width":512,"height":256,"caption":"SESI SENAI Goi\u00e1s"},"image":{"@id":"https:\/\/extralibris.net\/sesisenai\/#\/schema\/logo\/image\/"}}]}},"featured_image_src":null,"featured_image_src_square":null,"_links":{"self":[{"href":"https:\/\/extralibris.net\/sesisenai\/wp-json\/wp\/v2\/pages\/387","targetHints":{"allow":["GET"]}}],"collection":[{"href":"https:\/\/extralibris.net\/sesisenai\/wp-json\/wp\/v2\/pages"}],"about":[{"href":"https:\/\/extralibris.net\/sesisenai\/wp-json\/wp\/v2\/types\/page"}],"author":[{"embeddable":true,"href":"https:\/\/extralibris.net\/sesisenai\/wp-json\/wp\/v2\/users\/1"}],"replies":[{"embeddable":true,"href":"https:\/\/extralibris.net\/sesisenai\/wp-json\/wp\/v2\/comments?post=387"}],"version-history":[{"count":0,"href":"https:\/\/extralibris.net\/sesisenai\/wp-json\/wp\/v2\/pages\/387\/revisions"}],"wp:attachment":[{"href":"https:\/\/extralibris.net\/sesisenai\/wp-json\/wp\/v2\/media?parent=387"}],"curies":[{"name":"wp","href":"https:\/\/api.w.org\/{rel}","templated":true}]}}

BIBLIOTECÁRIO

<figure class="wp-block-image alignwide size-large"><img decoding="async" src="https://sesisenai.inf.br/wp-content/uploads/sites/14/2024/07/exposicaobibliotecarioverde-1024x319.jpg" alt="" class="wp-image-1514" /></figure>



<hr class="wp-block-separator has-alpha-channel-opacity" />


<div class="wp-block-image">
<figure class="alignleft size-one-fourth"><img loading="lazy" decoding="async" width="260" height="195" src="https://sesisenai.inf.br/wp-content/uploads/sites/14/2023/10/perfil-260x195.webp" alt="" class="wp-image-407" style="aspect-ratio:1;object-fit:cover" /></figure>
</div>


<div class="wp-block-group"><div class="wp-block-group__inner-container is-layout-flow wp-block-group-is-layout-flow">
<h2 class="wp-block-heading">FABIANO CARUSO</h2>



<p class="wp-block-paragraph"><strong>BIBLIOTECÁRIO RESPONSÁVEL<br></strong><a href="mailto:fabianosousa.sesi@fieg.com.br"><strong>fabianosousa.sesi@fieg.com.br</strong></a><br><strong>CRB-1-3646</strong></p>



<p class="wp-block-paragraph"><strong>Biblioteca Phygital</strong>: ambientes presenciais conectados a partir da&nbsp;<strong>Curadoria Colaborativa de Exposições</strong>. Visite a minha Biblioteca Pessoal em&nbsp;<a href="https://fabianocaruso.com/"><strong>fabianocaruso.com</strong></a> e a plataforma em <a href="https://personates.com"><strong>personates.com</strong></a>.</p>



<p class="wp-block-paragraph"><strong>Links para participação, dúvidas contate-me:</strong></p>



<p class="wp-block-paragraph"><a href="https://forms.office.com/r/TcT4iWAtRp" target="_blank" rel="noreferrer noopener"><strong>Painel de Eventos: dados do evento para cadastro</strong></a></p>



<p class="wp-block-paragraph"><a href="https://forms.office.com/r/XqNVc3GX1Y"><strong>Biblioteca Participativa: conteúdo sobre o livro para participação no catálogo interativo</strong></a></p>
</div></div>

<p>FABIANO CARUSO BIBLIOTECÁRIO RESPONSÁVELfabianosousa.sesi@fieg.com.brCRB-1-3646 Biblioteca Phygital: ambientes presenciais conectados a partir da&nbsp;Curadoria Colaborativa de Exposições. Visite a minha Biblioteca Pessoal em&nbsp;fabianocaruso.com e a plataforma em personates.com. Links para participação, dúvidas contate-me: Painel de Eventos: dados do evento para cadastro Biblioteca Participativa: conteúdo sobre o livro para participação no catálogo interativo</p>

<!-- This site is optimized with the Yoast SEO plugin v28.3 - https://yoast.com/product/yoast-seo-wordpress/ -->
<title>BIBLIOTECÁRIO - SESI SENAI Goiás</title>
<meta name="robots" content="index, follow, max-snippet:-1, max-image-preview:large, max-video-preview:-1" />
<link rel="canonical" href="https://extralibris.net/sesisenai/bibliotecario/" />
<meta property="og:locale" content="pt_BR" />
<meta property="og:type" content="article" />
<meta property="og:title" content="BIBLIOTECÁRIO - SESI SENAI Goiás" />
<meta property="og:description" content="FABIANO CARUSO BIBLIOTECÁRIO RESPONSÁVELfabianosousa.sesi@fieg.com.brCRB-1-3646 Biblioteca Phygital: ambientes presenciais conectados a partir da&nbsp;Curadoria Colaborativa de Exposições. Visite a minha Biblioteca Pessoal em&nbsp;fabianocaruso.com e a plataforma em personates.com. Links para participação, dúvidas contate-me: Painel de Eventos: dados do evento para cadastro Biblioteca Participativa: conteúdo sobre o livro para participação no catálogo interativo" />
<meta property="og:url" content="https://extralibris.net/sesisenai/bibliotecario/" />
<meta property="og:site_name" content="SESI SENAI Goiás" />
<meta property="og:image" content="https://sesisenai.inf.br/wp-content/uploads/sites/14/2024/07/exposicaobibliotecarioverde-1024x319.jpg" />
<meta name="twitter:card" content="summary_large_image" />
<meta name="twitter:label1" content="Est. tempo de leitura" />
	<meta name="twitter:data1" content="1 minuto" />
<script type="application/ld+json" class="yoast-schema-graph">{"@context":"https:\/\/schema.org","@graph":[{"@type":"WebPage","@id":"https:\/\/extralibris.net\/sesisenai\/bibliotecario\/","url":"https:\/\/extralibris.net\/sesisenai\/bibliotecario\/","name":"BIBLIOTECÁRIO - SESI SENAI Goiás","isPartOf":{"@id":"https:\/\/extralibris.net\/sesisenai\/#website"},"primaryImageOfPage":{"@id":"https:\/\/extralibris.net\/sesisenai\/bibliotecario\/#primaryimage"},"image":{"@id":"https:\/\/extralibris.net\/sesisenai\/bibliotecario\/#primaryimage"},"thumbnailUrl":"https:\/\/sesisenai.inf.br\/wp-content\/uploads\/sites\/14\/2024\/07\/exposicaobibliotecarioverde-1024x319.jpg","datePublished":"2023-10-25T18:53:32+00:00","breadcrumb":{"@id":"https:\/\/extralibris.net\/sesisenai\/bibliotecario\/#breadcrumb"},"inLanguage":"pt-BR","potentialAction":[{"@type":"ReadAction","target":["https:\/\/extralibris.net\/sesisenai\/bibliotecario\/"]}]},{"@type":"ImageObject","inLanguage":"pt-BR","@id":"https:\/\/extralibris.net\/sesisenai\/bibliotecario\/#primaryimage","url":"https:\/\/sesisenai.inf.br\/wp-content\/uploads\/sites\/14\/2024\/07\/exposicaobibliotecarioverde-1024x319.jpg","contentUrl":"https:\/\/sesisenai.inf.br\/wp-content\/uploads\/sites\/14\/2024\/07\/exposicaobibliotecarioverde-1024x319.jpg"},{"@type":"BreadcrumbList","@id":"https:\/\/extralibris.net\/sesisenai\/bibliotecario\/#breadcrumb","itemListElement":[{"@type":"ListItem","position":1,"name":"Início","item":"https:\/\/extralibris.net\/sesisenai\/"},{"@type":"ListItem","position":2,"name":"BIBLIOTECÁRIO"}]},{"@type":"WebSite","@id":"https:\/\/extralibris.net\/sesisenai\/#website","url":"https:\/\/extralibris.net\/sesisenai\/","name":"SESI SENAI Goiás","description":"Curadoria Figital","publisher":{"@id":"https:\/\/extralibris.net\/sesisenai\/#organization"},"potentialAction":[{"@type":"SearchAction","target":{"@type":"EntryPoint","urlTemplate":"https:\/\/extralibris.net\/sesisenai\/?s={search_term_string}"},"query-input":{"@type":"PropertyValueSpecification","valueRequired":true,"valueName":"search_term_string"}}],"inLanguage":"pt-BR"},{"@type":"Organization","@id":"https:\/\/extralibris.net\/sesisenai\/#organization","name":"SESI SENAI Goiás","url":"https:\/\/extralibris.net\/sesisenai\/","logo":{"@type":"ImageObject","inLanguage":"pt-BR","@id":"https:\/\/extralibris.net\/sesisenai\/#\/schema\/logo\/image\/","url":"https:\/\/extralibris.net\/sesisenai\/wp-content\/uploads\/sites\/2\/2025\/05\/cropped-cropped-THUMB_SesiSenai_Colorida-1.jpg","contentUrl":"https:\/\/extralibris.net\/sesisenai\/wp-content\/uploads\/sites\/2\/2025\/05\/cropped-cropped-THUMB_SesiSenai_Colorida-1.jpg","width":512,"height":256,"caption":"SESI SENAI Goiás"},"image":{"@id":"https:\/\/extralibris.net\/sesisenai\/#\/schema\/logo\/image\/"}}]}</script>
<!-- / Yoast SEO plugin. -->

BIBLIOTECÁRIO - SESI SENAI Goiás

FABIANO CARUSO BIBLIOTECÁRIO RESPONSÁVELfabianosousa.sesi@fieg.com.brCRB-1-3646 Biblioteca Phygital: ambientes presenciais conectados a partir da&nbsp;Curadoria Colaborativa de Exposições. Visite a minha Biblioteca Pessoal em&nbsp;fabianocaruso.com e a plataforma em personates.com. Links para participação, dúvidas contate-me: Painel de Eventos: dados do evento para cadastro Biblioteca Participativa: conteúdo sobre o livro para participação no catálogo interativo

SESI SENAI Goiás

Início
