{"id":2828,"date":"2025-09-15T21:47:15","date_gmt":"2025-09-16T00:47:15","guid":{"rendered":"https:\/\/sesisenai.inf.br\/?page_id=2828"},"modified":"2025-09-15T22:12:20","modified_gmt":"2025-09-16T01:12:20","slug":"programacao-do-seminario-de-educacao-inclusiva","status":"publish","type":"page","link":"https:\/\/extralibris.net\/sesisenai\/programacao-do-seminario-de-educacao-inclusiva\/","title":{"rendered":"Programa\u00e7\u00e3o do Semin\u00e1rio de Educa\u00e7\u00e3o Inclusiva"},"content":{"rendered":"\n<h3 class=\"wp-block-heading has-text-align-center has-text-color has-link-color wp-elements-1\" style=\"color:#164194\"><strong>19 de Setembro de 2025 &#8211; Casa da Ind\u00fastria &#8211; Das 8 \u00e0s 17 horas<\/strong><\/h3>\n\n\n\n<hr class=\"wp-block-separator has-text-color has-alpha-channel-opacity has-background is-style-wide\" style=\"background-color:#52ae32;color:#52ae32\"\/>\n\n\n<div class=\"wp-block-image\">\n<figure class=\"aligncenter size-full\"><img loading=\"lazy\" decoding=\"async\" width=\"550\" height=\"1600\" src=\"https:\/\/sesisenai.inf.br\/wp-content\/uploads\/sites\/2\/2025\/09\/programacaodoseminario.jpeg\" alt=\"\" class=\"wp-image-2833\" srcset=\"https:\/\/extralibris.net\/sesisenai\/wp-content\/uploads\/sites\/2\/2025\/09\/programacaodoseminario.jpeg 550w, https:\/\/extralibris.net\/sesisenai\/wp-content\/uploads\/sites\/2\/2025\/09\/programacaodoseminario-103x300.jpeg 103w, https:\/\/extralibris.net\/sesisenai\/wp-content\/uploads\/sites\/2\/2025\/09\/programacaodoseminario-352x1024.jpeg 352w, https:\/\/extralibris.net\/sesisenai\/wp-content\/uploads\/sites\/2\/2025\/09\/programacaodoseminario-528x1536.jpeg 528w\" sizes=\"auto, (max-width: 550px) 100vw, 550px\" \/><\/figure>\n<\/div>\n\n\n<h2 class=\"wp-block-heading has-text-align-center has-text-color has-link-color wp-elements-2\" style=\"color:#164194\"><a href=\"https:\/\/sesisenai.inf.br\/\">voltar para a p\u00e1gina principal<\/a><\/h2>\n\n\n\n<p class=\"wp-block-paragraph\"><\/p>\n","protected":false},"excerpt":{"rendered":"<p>Uma educa\u00e7\u00e3o com justi\u00e7a e representatividade<\/p>\n","protected":false},"author":1,"featured_media":0,"parent":0,"menu_order":2,"comment_status":"closed","ping_status":"closed","template":"landing.php","meta":{"_genesis_hide_title":false,"_genesis_hide_breadcrumbs":false,"_genesis_hide_singular_image":false,"_genesis_hide_footer_widgets":false,"_genesis_custom_body_class":"","_genesis_custom_post_class":"","_genesis_layout":"","footnotes":""},"class_list":["post-2828","page","type-page","status-publish","entry"],"yoast_head":"<!-- This site is optimized with the Yoast SEO plugin v28.3 - https:\/\/yoast.com\/product\/yoast-seo-wordpress\/ -->\n<title>Programa\u00e7\u00e3o do Semin\u00e1rio de Educa\u00e7\u00e3o Inclusiva - SESI SENAI Goi\u00e1s<\/title>\n<meta name=\"robots\" content=\"index, follow, max-snippet:-1, max-image-preview:large, max-video-preview:-1\" \/>\n<link rel=\"canonical\" href=\"https:\/\/extralibris.net\/sesisenai\/programacao-do-seminario-de-educacao-inclusiva\/\" \/>\n<meta property=\"og:locale\" content=\"pt_BR\" \/>\n<meta property=\"og:type\" content=\"article\" \/>\n<meta property=\"og:title\" content=\"Programa\u00e7\u00e3o do Semin\u00e1rio de Educa\u00e7\u00e3o Inclusiva - SESI SENAI Goi\u00e1s\" \/>\n<meta property=\"og:description\" content=\"Uma educa\u00e7\u00e3o com justi\u00e7a e representatividade\" \/>\n<meta property=\"og:url\" content=\"https:\/\/extralibris.net\/sesisenai\/programacao-do-seminario-de-educacao-inclusiva\/\" \/>\n<meta property=\"og:site_name\" content=\"SESI SENAI Goi\u00e1s\" \/>\n<meta property=\"article:modified_time\" content=\"2025-09-16T01:12:20+00:00\" \/>\n<meta property=\"og:image\" content=\"https:\/\/sesisenai.inf.br\/wp-content\/uploads\/sites\/2\/2025\/09\/programacaodoseminario.jpeg\" \/>\n<meta name=\"twitter:card\" content=\"summary_large_image\" \/>\n<meta name=\"twitter:label1\" content=\"Est. tempo de leitura\" \/>\n\t<meta name=\"twitter:data1\" content=\"1 minuto\" \/>\n<script type=\"application\/ld+json\" class=\"yoast-schema-graph\">{\"@context\":\"https:\\\/\\\/schema.org\",\"@graph\":[{\"@type\":\"WebPage\",\"@id\":\"https:\\\/\\\/extralibris.net\\\/sesisenai\\\/programacao-do-seminario-de-educacao-inclusiva\\\/\",\"url\":\"https:\\\/\\\/extralibris.net\\\/sesisenai\\\/programacao-do-seminario-de-educacao-inclusiva\\\/\",\"name\":\"Programa\u00e7\u00e3o do Semin\u00e1rio de Educa\u00e7\u00e3o Inclusiva - SESI SENAI Goi\u00e1s\",\"isPartOf\":{\"@id\":\"https:\\\/\\\/extralibris.net\\\/sesisenai\\\/#website\"},\"primaryImageOfPage\":{\"@id\":\"https:\\\/\\\/extralibris.net\\\/sesisenai\\\/programacao-do-seminario-de-educacao-inclusiva\\\/#primaryimage\"},\"image\":{\"@id\":\"https:\\\/\\\/extralibris.net\\\/sesisenai\\\/programacao-do-seminario-de-educacao-inclusiva\\\/#primaryimage\"},\"thumbnailUrl\":\"https:\\\/\\\/sesisenai.inf.br\\\/wp-content\\\/uploads\\\/sites\\\/2\\\/2025\\\/09\\\/programacaodoseminario.jpeg\",\"datePublished\":\"2025-09-16T00:47:15+00:00\",\"dateModified\":\"2025-09-16T01:12:20+00:00\",\"breadcrumb\":{\"@id\":\"https:\\\/\\\/extralibris.net\\\/sesisenai\\\/programacao-do-seminario-de-educacao-inclusiva\\\/#breadcrumb\"},\"inLanguage\":\"pt-BR\",\"potentialAction\":[{\"@type\":\"ReadAction\",\"target\":[\"https:\\\/\\\/extralibris.net\\\/sesisenai\\\/programacao-do-seminario-de-educacao-inclusiva\\\/\"]}]},{\"@type\":\"ImageObject\",\"inLanguage\":\"pt-BR\",\"@id\":\"https:\\\/\\\/extralibris.net\\\/sesisenai\\\/programacao-do-seminario-de-educacao-inclusiva\\\/#primaryimage\",\"url\":\"https:\\\/\\\/sesisenai.inf.br\\\/wp-content\\\/uploads\\\/sites\\\/2\\\/2025\\\/09\\\/programacaodoseminario.jpeg\",\"contentUrl\":\"https:\\\/\\\/sesisenai.inf.br\\\/wp-content\\\/uploads\\\/sites\\\/2\\\/2025\\\/09\\\/programacaodoseminario.jpeg\"},{\"@type\":\"BreadcrumbList\",\"@id\":\"https:\\\/\\\/extralibris.net\\\/sesisenai\\\/programacao-do-seminario-de-educacao-inclusiva\\\/#breadcrumb\",\"itemListElement\":[{\"@type\":\"ListItem\",\"position\":1,\"name\":\"In\u00edcio\",\"item\":\"https:\\\/\\\/extralibris.net\\\/sesisenai\\\/\"},{\"@type\":\"ListItem\",\"position\":2,\"name\":\"Programa\u00e7\u00e3o do Semin\u00e1rio de Educa\u00e7\u00e3o Inclusiva\"}]},{\"@type\":\"WebSite\",\"@id\":\"https:\\\/\\\/extralibris.net\\\/sesisenai\\\/#website\",\"url\":\"https:\\\/\\\/extralibris.net\\\/sesisenai\\\/\",\"name\":\"SESI SENAI Goi\u00e1s\",\"description\":\"Curadoria Figital\",\"publisher\":{\"@id\":\"https:\\\/\\\/extralibris.net\\\/sesisenai\\\/#organization\"},\"potentialAction\":[{\"@type\":\"SearchAction\",\"target\":{\"@type\":\"EntryPoint\",\"urlTemplate\":\"https:\\\/\\\/extralibris.net\\\/sesisenai\\\/?s={search_term_string}\"},\"query-input\":{\"@type\":\"PropertyValueSpecification\",\"valueRequired\":true,\"valueName\":\"search_term_string\"}}],\"inLanguage\":\"pt-BR\"},{\"@type\":\"Organization\",\"@id\":\"https:\\\/\\\/extralibris.net\\\/sesisenai\\\/#organization\",\"name\":\"SESI SENAI Goi\u00e1s\",\"url\":\"https:\\\/\\\/extralibris.net\\\/sesisenai\\\/\",\"logo\":{\"@type\":\"ImageObject\",\"inLanguage\":\"pt-BR\",\"@id\":\"https:\\\/\\\/extralibris.net\\\/sesisenai\\\/#\\\/schema\\\/logo\\\/image\\\/\",\"url\":\"https:\\\/\\\/extralibris.net\\\/sesisenai\\\/wp-content\\\/uploads\\\/sites\\\/2\\\/2025\\\/05\\\/cropped-cropped-THUMB_SesiSenai_Colorida-1.jpg\",\"contentUrl\":\"https:\\\/\\\/extralibris.net\\\/sesisenai\\\/wp-content\\\/uploads\\\/sites\\\/2\\\/2025\\\/05\\\/cropped-cropped-THUMB_SesiSenai_Colorida-1.jpg\",\"width\":512,\"height\":256,\"caption\":\"SESI SENAI Goi\u00e1s\"},\"image\":{\"@id\":\"https:\\\/\\\/extralibris.net\\\/sesisenai\\\/#\\\/schema\\\/logo\\\/image\\\/\"}}]}<\/script>\n<!-- \/ Yoast SEO plugin. -->","yoast_head_json":{"title":"Programa\u00e7\u00e3o do Semin\u00e1rio de Educa\u00e7\u00e3o Inclusiva - SESI SENAI Goi\u00e1s","robots":{"index":"index","follow":"follow","max-snippet":"max-snippet:-1","max-image-preview":"max-image-preview:large","max-video-preview":"max-video-preview:-1"},"canonical":"https:\/\/extralibris.net\/sesisenai\/programacao-do-seminario-de-educacao-inclusiva\/","og_locale":"pt_BR","og_type":"article","og_title":"Programa\u00e7\u00e3o do Semin\u00e1rio de Educa\u00e7\u00e3o Inclusiva - SESI SENAI Goi\u00e1s","og_description":"Uma educa\u00e7\u00e3o com justi\u00e7a e representatividade","og_url":"https:\/\/extralibris.net\/sesisenai\/programacao-do-seminario-de-educacao-inclusiva\/","og_site_name":"SESI SENAI Goi\u00e1s","article_modified_time":"2025-09-16T01:12:20+00:00","og_image":[{"url":"https:\/\/sesisenai.inf.br\/wp-content\/uploads\/sites\/2\/2025\/09\/programacaodoseminario.jpeg","type":"","width":"","height":""}],"twitter_card":"summary_large_image","twitter_misc":{"Est. tempo de leitura":"1 minuto"},"schema":{"@context":"https:\/\/schema.org","@graph":[{"@type":"WebPage","@id":"https:\/\/extralibris.net\/sesisenai\/programacao-do-seminario-de-educacao-inclusiva\/","url":"https:\/\/extralibris.net\/sesisenai\/programacao-do-seminario-de-educacao-inclusiva\/","name":"Programa\u00e7\u00e3o do Semin\u00e1rio de Educa\u00e7\u00e3o Inclusiva - SESI SENAI Goi\u00e1s","isPartOf":{"@id":"https:\/\/extralibris.net\/sesisenai\/#website"},"primaryImageOfPage":{"@id":"https:\/\/extralibris.net\/sesisenai\/programacao-do-seminario-de-educacao-inclusiva\/#primaryimage"},"image":{"@id":"https:\/\/extralibris.net\/sesisenai\/programacao-do-seminario-de-educacao-inclusiva\/#primaryimage"},"thumbnailUrl":"https:\/\/sesisenai.inf.br\/wp-content\/uploads\/sites\/2\/2025\/09\/programacaodoseminario.jpeg","datePublished":"2025-09-16T00:47:15+00:00","dateModified":"2025-09-16T01:12:20+00:00","breadcrumb":{"@id":"https:\/\/extralibris.net\/sesisenai\/programacao-do-seminario-de-educacao-inclusiva\/#breadcrumb"},"inLanguage":"pt-BR","potentialAction":[{"@type":"ReadAction","target":["https:\/\/extralibris.net\/sesisenai\/programacao-do-seminario-de-educacao-inclusiva\/"]}]},{"@type":"ImageObject","inLanguage":"pt-BR","@id":"https:\/\/extralibris.net\/sesisenai\/programacao-do-seminario-de-educacao-inclusiva\/#primaryimage","url":"https:\/\/sesisenai.inf.br\/wp-content\/uploads\/sites\/2\/2025\/09\/programacaodoseminario.jpeg","contentUrl":"https:\/\/sesisenai.inf.br\/wp-content\/uploads\/sites\/2\/2025\/09\/programacaodoseminario.jpeg"},{"@type":"BreadcrumbList","@id":"https:\/\/extralibris.net\/sesisenai\/programacao-do-seminario-de-educacao-inclusiva\/#breadcrumb","itemListElement":[{"@type":"ListItem","position":1,"name":"In\u00edcio","item":"https:\/\/extralibris.net\/sesisenai\/"},{"@type":"ListItem","position":2,"name":"Programa\u00e7\u00e3o do Semin\u00e1rio de Educa\u00e7\u00e3o Inclusiva"}]},{"@type":"WebSite","@id":"https:\/\/extralibris.net\/sesisenai\/#website","url":"https:\/\/extralibris.net\/sesisenai\/","name":"SESI SENAI Goi\u00e1s","description":"Curadoria Figital","publisher":{"@id":"https:\/\/extralibris.net\/sesisenai\/#organization"},"potentialAction":[{"@type":"SearchAction","target":{"@type":"EntryPoint","urlTemplate":"https:\/\/extralibris.net\/sesisenai\/?s={search_term_string}"},"query-input":{"@type":"PropertyValueSpecification","valueRequired":true,"valueName":"search_term_string"}}],"inLanguage":"pt-BR"},{"@type":"Organization","@id":"https:\/\/extralibris.net\/sesisenai\/#organization","name":"SESI SENAI Goi\u00e1s","url":"https:\/\/extralibris.net\/sesisenai\/","logo":{"@type":"ImageObject","inLanguage":"pt-BR","@id":"https:\/\/extralibris.net\/sesisenai\/#\/schema\/logo\/image\/","url":"https:\/\/extralibris.net\/sesisenai\/wp-content\/uploads\/sites\/2\/2025\/05\/cropped-cropped-THUMB_SesiSenai_Colorida-1.jpg","contentUrl":"https:\/\/extralibris.net\/sesisenai\/wp-content\/uploads\/sites\/2\/2025\/05\/cropped-cropped-THUMB_SesiSenai_Colorida-1.jpg","width":512,"height":256,"caption":"SESI SENAI Goi\u00e1s"},"image":{"@id":"https:\/\/extralibris.net\/sesisenai\/#\/schema\/logo\/image\/"}}]}},"featured_image_src":null,"featured_image_src_square":null,"_links":{"self":[{"href":"https:\/\/extralibris.net\/sesisenai\/wp-json\/wp\/v2\/pages\/2828","targetHints":{"allow":["GET"]}}],"collection":[{"href":"https:\/\/extralibris.net\/sesisenai\/wp-json\/wp\/v2\/pages"}],"about":[{"href":"https:\/\/extralibris.net\/sesisenai\/wp-json\/wp\/v2\/types\/page"}],"author":[{"embeddable":true,"href":"https:\/\/extralibris.net\/sesisenai\/wp-json\/wp\/v2\/users\/1"}],"replies":[{"embeddable":true,"href":"https:\/\/extralibris.net\/sesisenai\/wp-json\/wp\/v2\/comments?post=2828"}],"version-history":[{"count":8,"href":"https:\/\/extralibris.net\/sesisenai\/wp-json\/wp\/v2\/pages\/2828\/revisions"}],"predecessor-version":[{"id":2845,"href":"https:\/\/extralibris.net\/sesisenai\/wp-json\/wp\/v2\/pages\/2828\/revisions\/2845"}],"wp:attachment":[{"href":"https:\/\/extralibris.net\/sesisenai\/wp-json\/wp\/v2\/media?parent=2828"}],"curies":[{"name":"wp","href":"https:\/\/api.w.org\/{rel}","templated":true}]}}

Programação do Seminário de Educação Inclusiva

<h3 class="wp-block-heading has-text-align-center has-text-color has-link-color wp-elements-1" style="color:#164194"><strong>19 de Setembro de 2025 &#8211; Casa da Indústria &#8211; Das 8 às 17 horas</strong></h3>



<hr class="wp-block-separator has-text-color has-alpha-channel-opacity has-background is-style-wide" style="background-color:#52ae32;color:#52ae32"/>


<div class="wp-block-image">
<figure class="aligncenter size-full"><img loading="lazy" decoding="async" width="550" height="1600" src="https://sesisenai.inf.br/wp-content/uploads/sites/2/2025/09/programacaodoseminario.jpeg" alt="" class="wp-image-2833" srcset="https://extralibris.net/sesisenai/wp-content/uploads/sites/2/2025/09/programacaodoseminario.jpeg 550w, https://extralibris.net/sesisenai/wp-content/uploads/sites/2/2025/09/programacaodoseminario-103x300.jpeg 103w, https://extralibris.net/sesisenai/wp-content/uploads/sites/2/2025/09/programacaodoseminario-352x1024.jpeg 352w, https://extralibris.net/sesisenai/wp-content/uploads/sites/2/2025/09/programacaodoseminario-528x1536.jpeg 528w" sizes="auto, (max-width: 550px) 100vw, 550px" /></figure>
</div>


<h2 class="wp-block-heading has-text-align-center has-text-color has-link-color wp-elements-2" style="color:#164194"><a href="https://sesisenai.inf.br/">voltar para a página principal</a></h2>



<p class="wp-block-paragraph"></p>

<p>Uma educação com justiça e representatividade</p>

<!-- This site is optimized with the Yoast SEO plugin v28.3 - https://yoast.com/product/yoast-seo-wordpress/ -->
<title>Programação do Seminário de Educação Inclusiva - SESI SENAI Goiás</title>
<meta name="robots" content="index, follow, max-snippet:-1, max-image-preview:large, max-video-preview:-1" />
<link rel="canonical" href="https://extralibris.net/sesisenai/programacao-do-seminario-de-educacao-inclusiva/" />
<meta property="og:locale" content="pt_BR" />
<meta property="og:type" content="article" />
<meta property="og:title" content="Programação do Seminário de Educação Inclusiva - SESI SENAI Goiás" />
<meta property="og:description" content="Uma educação com justiça e representatividade" />
<meta property="og:url" content="https://extralibris.net/sesisenai/programacao-do-seminario-de-educacao-inclusiva/" />
<meta property="og:site_name" content="SESI SENAI Goiás" />
<meta property="article:modified_time" content="2025-09-16T01:12:20+00:00" />
<meta property="og:image" content="https://sesisenai.inf.br/wp-content/uploads/sites/2/2025/09/programacaodoseminario.jpeg" />
<meta name="twitter:card" content="summary_large_image" />
<meta name="twitter:label1" content="Est. tempo de leitura" />
	<meta name="twitter:data1" content="1 minuto" />
<script type="application/ld+json" class="yoast-schema-graph">{"@context":"https:\/\/schema.org","@graph":[{"@type":"WebPage","@id":"https:\/\/extralibris.net\/sesisenai\/programacao-do-seminario-de-educacao-inclusiva\/","url":"https:\/\/extralibris.net\/sesisenai\/programacao-do-seminario-de-educacao-inclusiva\/","name":"Programação do Seminário de Educação Inclusiva - SESI SENAI Goiás","isPartOf":{"@id":"https:\/\/extralibris.net\/sesisenai\/#website"},"primaryImageOfPage":{"@id":"https:\/\/extralibris.net\/sesisenai\/programacao-do-seminario-de-educacao-inclusiva\/#primaryimage"},"image":{"@id":"https:\/\/extralibris.net\/sesisenai\/programacao-do-seminario-de-educacao-inclusiva\/#primaryimage"},"thumbnailUrl":"https:\/\/sesisenai.inf.br\/wp-content\/uploads\/sites\/2\/2025\/09\/programacaodoseminario.jpeg","datePublished":"2025-09-16T00:47:15+00:00","dateModified":"2025-09-16T01:12:20+00:00","breadcrumb":{"@id":"https:\/\/extralibris.net\/sesisenai\/programacao-do-seminario-de-educacao-inclusiva\/#breadcrumb"},"inLanguage":"pt-BR","potentialAction":[{"@type":"ReadAction","target":["https:\/\/extralibris.net\/sesisenai\/programacao-do-seminario-de-educacao-inclusiva\/"]}]},{"@type":"ImageObject","inLanguage":"pt-BR","@id":"https:\/\/extralibris.net\/sesisenai\/programacao-do-seminario-de-educacao-inclusiva\/#primaryimage","url":"https:\/\/sesisenai.inf.br\/wp-content\/uploads\/sites\/2\/2025\/09\/programacaodoseminario.jpeg","contentUrl":"https:\/\/sesisenai.inf.br\/wp-content\/uploads\/sites\/2\/2025\/09\/programacaodoseminario.jpeg"},{"@type":"BreadcrumbList","@id":"https:\/\/extralibris.net\/sesisenai\/programacao-do-seminario-de-educacao-inclusiva\/#breadcrumb","itemListElement":[{"@type":"ListItem","position":1,"name":"Início","item":"https:\/\/extralibris.net\/sesisenai\/"},{"@type":"ListItem","position":2,"name":"Programação do Seminário de Educação Inclusiva"}]},{"@type":"WebSite","@id":"https:\/\/extralibris.net\/sesisenai\/#website","url":"https:\/\/extralibris.net\/sesisenai\/","name":"SESI SENAI Goiás","description":"Curadoria Figital","publisher":{"@id":"https:\/\/extralibris.net\/sesisenai\/#organization"},"potentialAction":[{"@type":"SearchAction","target":{"@type":"EntryPoint","urlTemplate":"https:\/\/extralibris.net\/sesisenai\/?s={search_term_string}"},"query-input":{"@type":"PropertyValueSpecification","valueRequired":true,"valueName":"search_term_string"}}],"inLanguage":"pt-BR"},{"@type":"Organization","@id":"https:\/\/extralibris.net\/sesisenai\/#organization","name":"SESI SENAI Goiás","url":"https:\/\/extralibris.net\/sesisenai\/","logo":{"@type":"ImageObject","inLanguage":"pt-BR","@id":"https:\/\/extralibris.net\/sesisenai\/#\/schema\/logo\/image\/","url":"https:\/\/extralibris.net\/sesisenai\/wp-content\/uploads\/sites\/2\/2025\/05\/cropped-cropped-THUMB_SesiSenai_Colorida-1.jpg","contentUrl":"https:\/\/extralibris.net\/sesisenai\/wp-content\/uploads\/sites\/2\/2025\/05\/cropped-cropped-THUMB_SesiSenai_Colorida-1.jpg","width":512,"height":256,"caption":"SESI SENAI Goiás"},"image":{"@id":"https:\/\/extralibris.net\/sesisenai\/#\/schema\/logo\/image\/"}}]}</script>
<!-- / Yoast SEO plugin. -->

Programação do Seminário de Educação Inclusiva - SESI SENAI Goiás

Uma educação com justiça e representatividade

SESI SENAI Goiás

Início
