{"version":"1.0","provider_name":"SESI SENAI Goi\u00e1s","provider_url":"https:\/\/extralibris.net\/sesisenai","author_name":"Fabiano Caruso","author_url":"https:\/\/extralibris.net\/sesisenai\/author\/caruso\/","title":"Larissa Ferlin Moura de Lima - SESI SENAI Goi\u00e1s","type":"rich","width":600,"height":338,"html":"<blockquote class=\"wp-embedded-content\" data-secret=\"GlgpsIKnZa\"><a href=\"https:\/\/extralibris.net\/sesisenai\/item\/larissa-ferlin-moura-de-lima\/\">Larissa Ferlin Moura de Lima<\/a><\/blockquote><iframe sandbox=\"allow-scripts\" security=\"restricted\" src=\"https:\/\/extralibris.net\/sesisenai\/item\/larissa-ferlin-moura-de-lima\/embed\/#?secret=GlgpsIKnZa\" width=\"600\" height=\"338\" title=\"&#8220;Larissa Ferlin Moura de Lima&#8221; &#8212; SESI SENAI Goi\u00e1s\" data-secret=\"GlgpsIKnZa\" frameborder=\"0\" marginwidth=\"0\" marginheight=\"0\" scrolling=\"no\" class=\"wp-embedded-content\"><\/iframe><script>\n\/*! This file is auto-generated *\/\n!function(d,l){\"use strict\";l.querySelector&&d.addEventListener&&\"undefined\"!=typeof URL&&(d.wp=d.wp||{},d.wp.receiveEmbedMessage||(d.wp.receiveEmbedMessage=function(e){var t=e.data;if((t||t.secret||t.message||t.value)&&!\/[^a-zA-Z0-9]\/.test(t.secret)){for(var s,r,n,a=l.querySelectorAll('iframe[data-secret=\"'+t.secret+'\"]'),o=l.querySelectorAll('blockquote[data-secret=\"'+t.secret+'\"]'),c=new RegExp(\"^https?:$\",\"i\"),i=0;i<o.length;i++)o[i].style.display=\"none\";for(i=0;i<a.length;i++)s=a[i],e.source===s.contentWindow&&(s.removeAttribute(\"style\"),\"height\"===t.message?(1e3<(r=parseInt(t.value,10))?r=1e3:~~r<200&&(r=200),s.height=r):\"link\"===t.message&&(r=new URL(s.getAttribute(\"src\")),n=new URL(t.value),c.test(n.protocol))&&n.host===r.host&&l.activeElement===s&&(d.top.location.href=t.value))}},d.addEventListener(\"message\",d.wp.receiveEmbedMessage,!1),l.addEventListener(\"DOMContentLoaded\",function(){for(var e,t,s=l.querySelectorAll(\"iframe.wp-embedded-content\"),r=0;r<s.length;r++)(t=(e=s[r]).getAttribute(\"data-secret\"))||(t=Math.random().toString(36).substring(2,12),e.src+=\"#?secret=\"+t,e.setAttribute(\"data-secret\",t)),e.contentWindow.postMessage({message:\"ready\",secret:t},\"*\")},!1)))}(window,document);\n\/\/# sourceURL=https:\/\/extralibris.net\/sesisenai\/wp-includes\/js\/wp-embed.min.js\n<\/script>\n","thumbnail_url":"https:\/\/extralibris.net\/sesisenai\/wp-content\/uploads\/sites\/2\/2025\/09\/LARISSA_FERLIN-1.jpg","thumbnail_width":1080,"thumbnail_height":1710,"description":"Psic\u00f3loga Educacional na Escola SESI Planalto. P\u00f3s-gradua\u00e7\u00e3o em Avalia\u00e7\u00e3o Psicol\u00f3gica e Psicologia Escolar. Atuo no SESI desde 2020 e, ao longo da minha trajet\u00f3ria, tamb\u00e9m adquiri experi\u00eancia na \u00e1rea de Psicologia Organizacional. Em 2024 iniciei minha atua\u00e7\u00e3o em Psicologia Escolar na unidade SESI Planalto, onde tive a oportunidade de desenvolver um trabalho diversificado com diferentes &hellip;"}

SESI SENAI Goiás

Larissa Ferlin Moura de Lima - SESI SENAI Goiás

<blockquote class="wp-embedded-content" data-secret="GlgpsIKnZa"><a href="https://extralibris.net/sesisenai/item/larissa-ferlin-moura-de-lima/">Larissa Ferlin Moura de Lima</a></blockquote><iframe sandbox="allow-scripts" security="restricted" src="https://extralibris.net/sesisenai/item/larissa-ferlin-moura-de-lima/embed/#?secret=GlgpsIKnZa" width="600" height="338" title="&#8220;Larissa Ferlin Moura de Lima&#8221; &#8212; SESI SENAI Goiás" data-secret="GlgpsIKnZa" frameborder="0" marginwidth="0" marginheight="0" scrolling="no" class="wp-embedded-content"></iframe><script>
/*! This file is auto-generated */
!function(d,l){"use strict";l.querySelector&&d.addEventListener&&"undefined"!=typeof URL&&(d.wp=d.wp||{},d.wp.receiveEmbedMessage||(d.wp.receiveEmbedMessage=function(e){var t=e.data;if((t||t.secret||t.message||t.value)&&!/[^a-zA-Z0-9]/.test(t.secret)){for(var s,r,n,a=l.querySelectorAll('iframe[data-secret="'+t.secret+'"]'),o=l.querySelectorAll('blockquote[data-secret="'+t.secret+'"]'),c=new RegExp("^https?:$","i"),i=0;i<o.length;i++)o[i].style.display="none";for(i=0;i<a.length;i++)s=a[i],e.source===s.contentWindow&&(s.removeAttribute("style"),"height"===t.message?(1e3<(r=parseInt(t.value,10))?r=1e3:~~r<200&&(r=200),s.height=r):"link"===t.message&&(r=new URL(s.getAttribute("src")),n=new URL(t.value),c.test(n.protocol))&&n.host===r.host&&l.activeElement===s&&(d.top.location.href=t.value))}},d.addEventListener("message",d.wp.receiveEmbedMessage,!1),l.addEventListener("DOMContentLoaded",function(){for(var e,t,s=l.querySelectorAll("iframe.wp-embedded-content"),r=0;r<s.length;r++)(t=(e=s[r]).getAttribute("data-secret"))||(t=Math.random().toString(36).substring(2,12),e.src+="#?secret="+t,e.setAttribute("data-secret",t)),e.contentWindow.postMessage({message:"ready",secret:t},"*")},!1)))}(window,document);
//# sourceURL=https://extralibris.net/sesisenai/wp-includes/js/wp-embed.min.js
</script>

Psicóloga Educacional na Escola SESI Planalto. Pós-graduação em Avaliação Psicológica e Psicologia Escolar. Atuo no SESI desde 2020 e, ao longo da minha trajetória, também adquiri experiência na área de Psicologia Organizacional. Em 2024 iniciei minha atuação em Psicologia Escolar na unidade SESI Planalto, onde tive a oportunidade de desenvolver um trabalho diversificado com diferentes &hellip;
