{"id":97,"date":"2019-02-03T20:17:08","date_gmt":"2019-02-03T22:17:08","guid":{"rendered":"http:\/\/extralibris.org\/aquimequedo\/?page_id=97"},"modified":"2019-02-03T20:17:08","modified_gmt":"2019-02-03T22:17:08","slug":"curadora","status":"publish","type":"page","link":"https:\/\/extralibris.net\/giseleteixeira\/curadora\/","title":{"rendered":"Curadora"},"content":{"rendered":"\n<div class=\"wp-block-image is-style-circle-mask\"><figure class=\"aligncenter is-resized\"><img loading=\"lazy\" decoding=\"async\" src=\"http:\/\/extralibris.net\/giseleteixeira\/wp-content\/uploads\/sites\/8\/2019\/08\/gisele-teixeira.jpg\" alt=\"\" class=\"wp-image-418\" width=\"300\" height=\"225\" srcset=\"https:\/\/extralibris.net\/giseleteixeira\/wp-content\/uploads\/sites\/8\/2019\/08\/gisele-teixeira.jpg 300w, https:\/\/extralibris.net\/giseleteixeira\/wp-content\/uploads\/sites\/8\/2019\/08\/gisele-teixeira-260x195.jpg 260w\" sizes=\"auto, (max-width: 300px) 100vw, 300px\" \/><\/figure><\/div>\n\n\n\n<h2 class=\"has-text-align-center wp-block-heading\"><strong>Gisele Teixeira<\/strong><\/h2>\n\n\n\n<h3 class=\"has-text-align-center wp-block-heading\"><a href=\"http:\/\/aquimequedo.com.br\/\">aquimequedo.com.br<\/a><\/h3>\n\n\n\n<p class=\"has-text-align-center has-medium-font-size wp-block-paragraph\">Jornalista, e moro nove anos em Buenos Aires. A partir daqui, edito o blog Aqu\u00ed me Quedo, declarado de Interesse Cultural pelo Legislativo de Portenha em 2015. Trabalho como freelancer para a m\u00eddia brasileira e estrangeira, como as revistas \u00c9poca e TPM e o site Trip Advisor. Minhas outras paix\u00f5es, al\u00e9m de viajar e escrever, s\u00e3o tango e fotografia.<\/p>\n","protected":false},"excerpt":{"rendered":"<p>Jornalista, e vivo h\u00e1 nove anos em Buenos Aires. Daqui, edito o blog <a href=\"http:\/\/aquimequedo.com.br\/\">Aqu\u00ed me Quedo<\/a>, declarado de Interesse Cultural pela Legislatura Portenha em 2015. Trabalho como freelancer para meios de comunica\u00e7\u00e3o do Brasil e exterior, como revistas \u00c9poca e TPM e o site Trip Advisor. Minhas outras paix\u00f5es, al\u00e9m de viajar e escrever, s\u00e3o o tango e a fotografia.<\/p>\n","protected":false},"author":1,"featured_media":0,"parent":0,"menu_order":2,"comment_status":"closed","ping_status":"closed","template":"","meta":{"_genesis_hide_title":false,"_genesis_hide_breadcrumbs":false,"_genesis_hide_singular_image":false,"_genesis_hide_footer_widgets":false,"_genesis_custom_body_class":"","_genesis_custom_post_class":"","_genesis_layout":"","footnotes":""},"class_list":["post-97","page","type-page","status-publish","entry"],"yoast_head":"<!-- This site is optimized with the Yoast SEO plugin v28.3 - https:\/\/yoast.com\/product\/yoast-seo-wordpress\/ -->\n<title>Curadora - Gisele Teixeira<\/title>\n<meta name=\"robots\" content=\"index, follow, max-snippet:-1, max-image-preview:large, max-video-preview:-1\" \/>\n<link rel=\"canonical\" href=\"https:\/\/extralibris.net\/giseleteixeira\/curadora\/\" \/>\n<meta property=\"og:locale\" content=\"pt_BR\" \/>\n<meta property=\"og:type\" content=\"article\" \/>\n<meta property=\"og:title\" content=\"Curadora - Gisele Teixeira\" \/>\n<meta property=\"og:description\" content=\"Jornalista, e vivo h\u00e1 nove anos em Buenos Aires. Daqui, edito o blog Aqu\u00ed me Quedo, declarado de Interesse Cultural pela Legislatura Portenha em 2015. Trabalho como freelancer para meios de comunica\u00e7\u00e3o do Brasil e exterior, como revistas \u00c9poca e TPM e o site Trip Advisor. Minhas outras paix\u00f5es, al\u00e9m de viajar e escrever, s\u00e3o o tango e a fotografia.\" \/>\n<meta property=\"og:url\" content=\"https:\/\/extralibris.net\/giseleteixeira\/curadora\/\" \/>\n<meta property=\"og:site_name\" content=\"Gisele Teixeira\" \/>\n<meta property=\"og:image\" content=\"https:\/\/extralibris.net\/giseleteixeira\/wp-content\/uploads\/sites\/8\/2019\/08\/gisele-teixeira.jpg\" \/>\n\t<meta property=\"og:image:width\" content=\"300\" \/>\n\t<meta property=\"og:image:height\" content=\"225\" \/>\n\t<meta property=\"og:image:type\" content=\"image\/jpeg\" \/>\n<meta name=\"twitter:card\" content=\"summary_large_image\" \/>\n<script type=\"application\/ld+json\" class=\"yoast-schema-graph\">{\"@context\":\"https:\\\/\\\/schema.org\",\"@graph\":[{\"@type\":\"WebPage\",\"@id\":\"https:\\\/\\\/extralibris.net\\\/giseleteixeira\\\/curadora\\\/\",\"url\":\"https:\\\/\\\/extralibris.net\\\/giseleteixeira\\\/curadora\\\/\",\"name\":\"Curadora - Gisele Teixeira\",\"isPartOf\":{\"@id\":\"https:\\\/\\\/extralibris.net\\\/giseleteixeira\\\/#website\"},\"primaryImageOfPage\":{\"@id\":\"https:\\\/\\\/extralibris.net\\\/giseleteixeira\\\/curadora\\\/#primaryimage\"},\"image\":{\"@id\":\"https:\\\/\\\/extralibris.net\\\/giseleteixeira\\\/curadora\\\/#primaryimage\"},\"thumbnailUrl\":\"http:\\\/\\\/extralibris.net\\\/giseleteixeira\\\/wp-content\\\/uploads\\\/sites\\\/8\\\/2019\\\/08\\\/gisele-teixeira.jpg\",\"datePublished\":\"2019-02-03T22:17:08+00:00\",\"breadcrumb\":{\"@id\":\"https:\\\/\\\/extralibris.net\\\/giseleteixeira\\\/curadora\\\/#breadcrumb\"},\"inLanguage\":\"pt-BR\",\"potentialAction\":[{\"@type\":\"ReadAction\",\"target\":[\"https:\\\/\\\/extralibris.net\\\/giseleteixeira\\\/curadora\\\/\"]}]},{\"@type\":\"ImageObject\",\"inLanguage\":\"pt-BR\",\"@id\":\"https:\\\/\\\/extralibris.net\\\/giseleteixeira\\\/curadora\\\/#primaryimage\",\"url\":\"https:\\\/\\\/extralibris.net\\\/giseleteixeira\\\/wp-content\\\/uploads\\\/sites\\\/8\\\/2019\\\/08\\\/gisele-teixeira.jpg\",\"contentUrl\":\"https:\\\/\\\/extralibris.net\\\/giseleteixeira\\\/wp-content\\\/uploads\\\/sites\\\/8\\\/2019\\\/08\\\/gisele-teixeira.jpg\",\"width\":300,\"height\":225},{\"@type\":\"BreadcrumbList\",\"@id\":\"https:\\\/\\\/extralibris.net\\\/giseleteixeira\\\/curadora\\\/#breadcrumb\",\"itemListElement\":[{\"@type\":\"ListItem\",\"position\":1,\"name\":\"In\u00edcio\",\"item\":\"https:\\\/\\\/extralibris.net\\\/giseleteixeira\\\/\"},{\"@type\":\"ListItem\",\"position\":2,\"name\":\"Curadora\"}]},{\"@type\":\"WebSite\",\"@id\":\"https:\\\/\\\/extralibris.net\\\/giseleteixeira\\\/#website\",\"url\":\"https:\\\/\\\/extralibris.net\\\/giseleteixeira\\\/\",\"name\":\"Gisele Teixeira\",\"description\":\"\",\"potentialAction\":[{\"@type\":\"SearchAction\",\"target\":{\"@type\":\"EntryPoint\",\"urlTemplate\":\"https:\\\/\\\/extralibris.net\\\/giseleteixeira\\\/?s={search_term_string}\"},\"query-input\":{\"@type\":\"PropertyValueSpecification\",\"valueRequired\":true,\"valueName\":\"search_term_string\"}}],\"inLanguage\":\"pt-BR\"}]}<\/script>\n<!-- \/ Yoast SEO plugin. -->","yoast_head_json":{"title":"Curadora - Gisele Teixeira","robots":{"index":"index","follow":"follow","max-snippet":"max-snippet:-1","max-image-preview":"max-image-preview:large","max-video-preview":"max-video-preview:-1"},"canonical":"https:\/\/extralibris.net\/giseleteixeira\/curadora\/","og_locale":"pt_BR","og_type":"article","og_title":"Curadora - Gisele Teixeira","og_description":"Jornalista, e vivo h\u00e1 nove anos em Buenos Aires. Daqui, edito o blog Aqu\u00ed me Quedo, declarado de Interesse Cultural pela Legislatura Portenha em 2015. Trabalho como freelancer para meios de comunica\u00e7\u00e3o do Brasil e exterior, como revistas \u00c9poca e TPM e o site Trip Advisor. Minhas outras paix\u00f5es, al\u00e9m de viajar e escrever, s\u00e3o o tango e a fotografia.","og_url":"https:\/\/extralibris.net\/giseleteixeira\/curadora\/","og_site_name":"Gisele Teixeira","og_image":[{"width":300,"height":225,"url":"https:\/\/extralibris.net\/giseleteixeira\/wp-content\/uploads\/sites\/8\/2019\/08\/gisele-teixeira.jpg","type":"image\/jpeg"}],"twitter_card":"summary_large_image","schema":{"@context":"https:\/\/schema.org","@graph":[{"@type":"WebPage","@id":"https:\/\/extralibris.net\/giseleteixeira\/curadora\/","url":"https:\/\/extralibris.net\/giseleteixeira\/curadora\/","name":"Curadora - Gisele Teixeira","isPartOf":{"@id":"https:\/\/extralibris.net\/giseleteixeira\/#website"},"primaryImageOfPage":{"@id":"https:\/\/extralibris.net\/giseleteixeira\/curadora\/#primaryimage"},"image":{"@id":"https:\/\/extralibris.net\/giseleteixeira\/curadora\/#primaryimage"},"thumbnailUrl":"http:\/\/extralibris.net\/giseleteixeira\/wp-content\/uploads\/sites\/8\/2019\/08\/gisele-teixeira.jpg","datePublished":"2019-02-03T22:17:08+00:00","breadcrumb":{"@id":"https:\/\/extralibris.net\/giseleteixeira\/curadora\/#breadcrumb"},"inLanguage":"pt-BR","potentialAction":[{"@type":"ReadAction","target":["https:\/\/extralibris.net\/giseleteixeira\/curadora\/"]}]},{"@type":"ImageObject","inLanguage":"pt-BR","@id":"https:\/\/extralibris.net\/giseleteixeira\/curadora\/#primaryimage","url":"https:\/\/extralibris.net\/giseleteixeira\/wp-content\/uploads\/sites\/8\/2019\/08\/gisele-teixeira.jpg","contentUrl":"https:\/\/extralibris.net\/giseleteixeira\/wp-content\/uploads\/sites\/8\/2019\/08\/gisele-teixeira.jpg","width":300,"height":225},{"@type":"BreadcrumbList","@id":"https:\/\/extralibris.net\/giseleteixeira\/curadora\/#breadcrumb","itemListElement":[{"@type":"ListItem","position":1,"name":"In\u00edcio","item":"https:\/\/extralibris.net\/giseleteixeira\/"},{"@type":"ListItem","position":2,"name":"Curadora"}]},{"@type":"WebSite","@id":"https:\/\/extralibris.net\/giseleteixeira\/#website","url":"https:\/\/extralibris.net\/giseleteixeira\/","name":"Gisele Teixeira","description":"","potentialAction":[{"@type":"SearchAction","target":{"@type":"EntryPoint","urlTemplate":"https:\/\/extralibris.net\/giseleteixeira\/?s={search_term_string}"},"query-input":{"@type":"PropertyValueSpecification","valueRequired":true,"valueName":"search_term_string"}}],"inLanguage":"pt-BR"}]}},"featured_image_src":null,"featured_image_src_square":null,"_links":{"self":[{"href":"https:\/\/extralibris.net\/giseleteixeira\/wp-json\/wp\/v2\/pages\/97","targetHints":{"allow":["GET"]}}],"collection":[{"href":"https:\/\/extralibris.net\/giseleteixeira\/wp-json\/wp\/v2\/pages"}],"about":[{"href":"https:\/\/extralibris.net\/giseleteixeira\/wp-json\/wp\/v2\/types\/page"}],"author":[{"embeddable":true,"href":"https:\/\/extralibris.net\/giseleteixeira\/wp-json\/wp\/v2\/users\/1"}],"replies":[{"embeddable":true,"href":"https:\/\/extralibris.net\/giseleteixeira\/wp-json\/wp\/v2\/comments?post=97"}],"version-history":[{"count":0,"href":"https:\/\/extralibris.net\/giseleteixeira\/wp-json\/wp\/v2\/pages\/97\/revisions"}],"wp:attachment":[{"href":"https:\/\/extralibris.net\/giseleteixeira\/wp-json\/wp\/v2\/media?parent=97"}],"curies":[{"name":"wp","href":"https:\/\/api.w.org\/{rel}","templated":true}]}}

<div class="wp-block-image is-style-circle-mask"><figure class="aligncenter is-resized"><img loading="lazy" decoding="async" src="http://extralibris.net/giseleteixeira/wp-content/uploads/sites/8/2019/08/gisele-teixeira.jpg" alt="" class="wp-image-418" width="300" height="225" srcset="https://extralibris.net/giseleteixeira/wp-content/uploads/sites/8/2019/08/gisele-teixeira.jpg 300w, https://extralibris.net/giseleteixeira/wp-content/uploads/sites/8/2019/08/gisele-teixeira-260x195.jpg 260w" sizes="auto, (max-width: 300px) 100vw, 300px" /></figure></div>



<h2 class="has-text-align-center wp-block-heading"><strong>Gisele Teixeira</strong></h2>



<h3 class="has-text-align-center wp-block-heading"><a href="http://aquimequedo.com.br/">aquimequedo.com.br</a></h3>



<p class="has-text-align-center has-medium-font-size wp-block-paragraph">Jornalista, e moro nove anos em Buenos Aires. A partir daqui, edito o blog Aquí me Quedo, declarado de Interesse Cultural pelo Legislativo de Portenha em 2015. Trabalho como freelancer para a mídia brasileira e estrangeira, como as revistas Época e TPM e o site Trip Advisor. Minhas outras paixões, além de viajar e escrever, são tango e fotografia.</p>

<p>Jornalista, e vivo há nove anos em Buenos Aires. Daqui, edito o blog <a href="http://aquimequedo.com.br/">Aquí me Quedo</a>, declarado de Interesse Cultural pela Legislatura Portenha em 2015. Trabalho como freelancer para meios de comunicação do Brasil e exterior, como revistas Época e TPM e o site Trip Advisor. Minhas outras paixões, além de viajar e escrever, são o tango e a fotografia.</p>

<!-- This site is optimized with the Yoast SEO plugin v28.3 - https://yoast.com/product/yoast-seo-wordpress/ -->
<title>Curadora - Gisele Teixeira</title>
<meta name="robots" content="index, follow, max-snippet:-1, max-image-preview:large, max-video-preview:-1" />
<link rel="canonical" href="https://extralibris.net/giseleteixeira/curadora/" />
<meta property="og:locale" content="pt_BR" />
<meta property="og:type" content="article" />
<meta property="og:title" content="Curadora - Gisele Teixeira" />
<meta property="og:description" content="Jornalista, e vivo há nove anos em Buenos Aires. Daqui, edito o blog Aquí me Quedo, declarado de Interesse Cultural pela Legislatura Portenha em 2015. Trabalho como freelancer para meios de comunicação do Brasil e exterior, como revistas Época e TPM e o site Trip Advisor. Minhas outras paixões, além de viajar e escrever, são o tango e a fotografia." />
<meta property="og:url" content="https://extralibris.net/giseleteixeira/curadora/" />
<meta property="og:site_name" content="Gisele Teixeira" />
<meta property="og:image" content="https://extralibris.net/giseleteixeira/wp-content/uploads/sites/8/2019/08/gisele-teixeira.jpg" />
	<meta property="og:image:width" content="300" />
	<meta property="og:image:height" content="225" />
	<meta property="og:image:type" content="image/jpeg" />
<meta name="twitter:card" content="summary_large_image" />
<script type="application/ld+json" class="yoast-schema-graph">{"@context":"https:\/\/schema.org","@graph":[{"@type":"WebPage","@id":"https:\/\/extralibris.net\/giseleteixeira\/curadora\/","url":"https:\/\/extralibris.net\/giseleteixeira\/curadora\/","name":"Curadora - Gisele Teixeira","isPartOf":{"@id":"https:\/\/extralibris.net\/giseleteixeira\/#website"},"primaryImageOfPage":{"@id":"https:\/\/extralibris.net\/giseleteixeira\/curadora\/#primaryimage"},"image":{"@id":"https:\/\/extralibris.net\/giseleteixeira\/curadora\/#primaryimage"},"thumbnailUrl":"http:\/\/extralibris.net\/giseleteixeira\/wp-content\/uploads\/sites\/8\/2019\/08\/gisele-teixeira.jpg","datePublished":"2019-02-03T22:17:08+00:00","breadcrumb":{"@id":"https:\/\/extralibris.net\/giseleteixeira\/curadora\/#breadcrumb"},"inLanguage":"pt-BR","potentialAction":[{"@type":"ReadAction","target":["https:\/\/extralibris.net\/giseleteixeira\/curadora\/"]}]},{"@type":"ImageObject","inLanguage":"pt-BR","@id":"https:\/\/extralibris.net\/giseleteixeira\/curadora\/#primaryimage","url":"https:\/\/extralibris.net\/giseleteixeira\/wp-content\/uploads\/sites\/8\/2019\/08\/gisele-teixeira.jpg","contentUrl":"https:\/\/extralibris.net\/giseleteixeira\/wp-content\/uploads\/sites\/8\/2019\/08\/gisele-teixeira.jpg","width":300,"height":225},{"@type":"BreadcrumbList","@id":"https:\/\/extralibris.net\/giseleteixeira\/curadora\/#breadcrumb","itemListElement":[{"@type":"ListItem","position":1,"name":"Início","item":"https:\/\/extralibris.net\/giseleteixeira\/"},{"@type":"ListItem","position":2,"name":"Curadora"}]},{"@type":"WebSite","@id":"https:\/\/extralibris.net\/giseleteixeira\/#website","url":"https:\/\/extralibris.net\/giseleteixeira\/","name":"Gisele Teixeira","description":"","potentialAction":[{"@type":"SearchAction","target":{"@type":"EntryPoint","urlTemplate":"https:\/\/extralibris.net\/giseleteixeira\/?s={search_term_string}"},"query-input":{"@type":"PropertyValueSpecification","valueRequired":true,"valueName":"search_term_string"}}],"inLanguage":"pt-BR"}]}</script>
<!-- / Yoast SEO plugin. -->

Jornalista, e vivo há nove anos em Buenos Aires. Daqui, edito o blog Aquí me Quedo, declarado de Interesse Cultural pela Legislatura Portenha em 2015. Trabalho como freelancer para meios de comunicação do Brasil e exterior, como revistas Época e TPM e o site Trip Advisor. Minhas outras paixões, além de viajar e escrever, são o tango e a fotografia.

Início
