{"version":"1.0","provider_name":"Fabiano Caruso","provider_url":"https:\/\/extralibris.net\/caruso","author_name":"Fabiano Caruso","author_url":"https:\/\/extralibris.net\/caruso\/author\/caruso\/","title":"Qual seria o futuro dos bibliotec\u00e1rios sem bibliotecas - Fabiano Caruso","type":"rich","width":600,"height":338,"html":"<blockquote class=\"wp-embedded-content\" data-secret=\"EOFrBOezhW\"><a href=\"https:\/\/extralibris.net\/caruso\/item\/qual-seria-o-futuro-dos-bibliotecarios-sem-bibliotecas\/\">Qual seria o futuro dos bibliotec\u00e1rios sem bibliotecas<\/a><\/blockquote><iframe sandbox=\"allow-scripts\" security=\"restricted\" src=\"https:\/\/extralibris.net\/caruso\/item\/qual-seria-o-futuro-dos-bibliotecarios-sem-bibliotecas\/embed\/#?secret=EOFrBOezhW\" width=\"600\" height=\"338\" title=\"&#8220;Qual seria o futuro dos bibliotec\u00e1rios sem bibliotecas&#8221; &#8212; Fabiano Caruso\" data-secret=\"EOFrBOezhW\" frameborder=\"0\" marginwidth=\"0\" marginheight=\"0\" scrolling=\"no\" class=\"wp-embedded-content\"><\/iframe><script>\n\/*! This file is auto-generated *\/\n!function(d,l){\"use strict\";l.querySelector&&d.addEventListener&&\"undefined\"!=typeof URL&&(d.wp=d.wp||{},d.wp.receiveEmbedMessage||(d.wp.receiveEmbedMessage=function(e){var t=e.data;if((t||t.secret||t.message||t.value)&&!\/[^a-zA-Z0-9]\/.test(t.secret)){for(var s,r,n,a=l.querySelectorAll('iframe[data-secret=\"'+t.secret+'\"]'),o=l.querySelectorAll('blockquote[data-secret=\"'+t.secret+'\"]'),c=new RegExp(\"^https?:$\",\"i\"),i=0;i<o.length;i++)o[i].style.display=\"none\";for(i=0;i<a.length;i++)s=a[i],e.source===s.contentWindow&&(s.removeAttribute(\"style\"),\"height\"===t.message?(1e3<(r=parseInt(t.value,10))?r=1e3:~~r<200&&(r=200),s.height=r):\"link\"===t.message&&(r=new URL(s.getAttribute(\"src\")),n=new URL(t.value),c.test(n.protocol))&&n.host===r.host&&l.activeElement===s&&(d.top.location.href=t.value))}},d.addEventListener(\"message\",d.wp.receiveEmbedMessage,!1),l.addEventListener(\"DOMContentLoaded\",function(){for(var e,t,s=l.querySelectorAll(\"iframe.wp-embedded-content\"),r=0;r<s.length;r++)(t=(e=s[r]).getAttribute(\"data-secret\"))||(t=Math.random().toString(36).substring(2,12),e.src+=\"#?secret=\"+t,e.setAttribute(\"data-secret\",t)),e.contentWindow.postMessage({message:\"ready\",secret:t},\"*\")},!1)))}(window,document);\n\/\/# sourceURL=https:\/\/extralibris.net\/caruso\/wp-includes\/js\/wp-embed.min.js\n<\/script>\n","thumbnail_url":"https:\/\/extralibris.net\/caruso\/wp-content\/uploads\/sites\/10\/2025\/04\/Gemini_Generated_Image_cutdlecutdlecutd.jpg","thumbnail_width":1696,"thumbnail_height":2528,"description":"Publicado no linkedin em abril de 2025. A minha resposta sempre esteve relacionada a repensar o sentido cl\u00e1ssico das bibliotecas a partir da media\u00e7\u00e3o do acesso aos artefatos do intelecto desenvolvendo tecnologias do mundo das ideias (simbolismo) n\u00e3o da informa\u00e7\u00e3o (formalismo). Na d\u00e9cada de 80 rolou uma movimenta\u00e7\u00e3o pol\u00edtica, tra\u00e7ando um paralelo com o que &hellip;"}

Qual seria o futuro dos bibliotecários sem bibliotecas - Fabiano Caruso

<blockquote class="wp-embedded-content" data-secret="EOFrBOezhW"><a href="https://extralibris.net/caruso/item/qual-seria-o-futuro-dos-bibliotecarios-sem-bibliotecas/">Qual seria o futuro dos bibliotecários sem bibliotecas</a></blockquote><iframe sandbox="allow-scripts" security="restricted" src="https://extralibris.net/caruso/item/qual-seria-o-futuro-dos-bibliotecarios-sem-bibliotecas/embed/#?secret=EOFrBOezhW" width="600" height="338" title="&#8220;Qual seria o futuro dos bibliotecários sem bibliotecas&#8221; &#8212; Fabiano Caruso" data-secret="EOFrBOezhW" frameborder="0" marginwidth="0" marginheight="0" scrolling="no" class="wp-embedded-content"></iframe><script>
/*! This file is auto-generated */
!function(d,l){"use strict";l.querySelector&&d.addEventListener&&"undefined"!=typeof URL&&(d.wp=d.wp||{},d.wp.receiveEmbedMessage||(d.wp.receiveEmbedMessage=function(e){var t=e.data;if((t||t.secret||t.message||t.value)&&!/[^a-zA-Z0-9]/.test(t.secret)){for(var s,r,n,a=l.querySelectorAll('iframe[data-secret="'+t.secret+'"]'),o=l.querySelectorAll('blockquote[data-secret="'+t.secret+'"]'),c=new RegExp("^https?:$","i"),i=0;i<o.length;i++)o[i].style.display="none";for(i=0;i<a.length;i++)s=a[i],e.source===s.contentWindow&&(s.removeAttribute("style"),"height"===t.message?(1e3<(r=parseInt(t.value,10))?r=1e3:~~r<200&&(r=200),s.height=r):"link"===t.message&&(r=new URL(s.getAttribute("src")),n=new URL(t.value),c.test(n.protocol))&&n.host===r.host&&l.activeElement===s&&(d.top.location.href=t.value))}},d.addEventListener("message",d.wp.receiveEmbedMessage,!1),l.addEventListener("DOMContentLoaded",function(){for(var e,t,s=l.querySelectorAll("iframe.wp-embedded-content"),r=0;r<s.length;r++)(t=(e=s[r]).getAttribute("data-secret"))||(t=Math.random().toString(36).substring(2,12),e.src+="#?secret="+t,e.setAttribute("data-secret",t)),e.contentWindow.postMessage({message:"ready",secret:t},"*")},!1)))}(window,document);
//# sourceURL=https://extralibris.net/caruso/wp-includes/js/wp-embed.min.js
</script>

Publicado no linkedin em abril de 2025. A minha resposta sempre esteve relacionada a repensar o sentido clássico das bibliotecas a partir da mediação do acesso aos artefatos do intelecto desenvolvendo tecnologias do mundo das ideias (simbolismo) não da informação (formalismo). Na década de 80 rolou uma movimentação política, traçando um paralelo com o que &hellip;
